157, 4*i - 301 = 3*m. What is the tens digit of i?
7
Suppose -4 - 2 = d. Let i(b) = 5*b**3 + 8*b**2 + 7*b + 1. Let m(j) = -j**3 - 1. Let g(z) = d*m(z) - i(z). What is the tens digit of g(9)?
2
Let h(s) = 40 - 8*s - 24 - 17. What is the tens digit of h(-3)?
2
Let q = -97 + 8. Suppose -2*m + 125 = -t, -6*t - 3*m - 278 = -4*t. Let l = q - t. What is the units digit of l?
4
Let i be -1 - 1*51/1. Let z be (1 - (-1)/(-3))/(14/1827). Let p = i + z. What is the units digit of p?
5
Suppose 2*x = -3*x + 4*z + 882, -z = -2. What is the units digit of x?
8
Let k be (-1 - 2)*(-8)/8. Suppose -4*y + 3*i - 8 = 0, 2*y + k*y + 11 = 4*i. What is the units digit of y?
1
What is the hundreds digit of 838*((-33)/(-6))/11?
4
Suppose 4*m - w - 163 = 0, -m - 3*w + 44 = -0*w. Let b be (0*(-1)/(-2))/2. Let d = m - b. What is the tens digit of d?
4
What is the tens digit of -1 - 414/27*153/(-6)?
9
Suppose -1 = 5*z + 3*k - 9, -4*z - 5*k = 4. Suppose 8*x + 62 = 3*b + 3*x, 4*b + z*x - 104 = 0. Suppose b = -j + 4*j. What is the units digit of j?
8
Let b = 9 + -9. Suppose 0 = o + 2 - b, -60 = a - o. Let x = 131 + a. What is the tens digit of x?
6
Let t = 117 + 121. Let z = 452 - t. What is the hundreds digit of z?
2
Let v = 212 - 66. Suppose -h + 3*h = v. What is the units digit of h?
3
Suppose -3979 = -5*k + 3041. What is the thousands digit of k?
1
Suppose 6*m - 1 = 11. Suppose m = -g - g. Let u = g + 11. What is the units digit of u?
0
Suppose -6*d = -13*d + 28. What is the units digit of d*((-76)/(-8) - 2)?
0
Suppose 0 = -5*h - s + 29, 5*h + 2*s - 4*s - 32 = 0. Suppose -7*l + h*l = -5. Suppose l*p + 6*t - 2*t = 281, 5*p - 2*t = 257. What is the tens digit of p?
5
Suppose -3*c - 700 = -8*c + 3*f, -2*f + 153 = c. What is the tens digit of c?
4
Let o(d) = -d**3 - 4*d**2 - 9*d + 6. What is the tens digit of o(-6)?
3
Suppose -123 = -3*m + m + z, 192 = 3*m - 4*z. Suppose u - m = 2*j + 133, -5*u + 960 = -5*j. What is the units digit of u?
1
Let j be (-1 + 0)*4*6/(-24). What is the units digit of 93/j + 13 + -14?
2
Let d(y) = 2*y**2 + 2*y + 5. Suppose m + 5*a + 26 = 0, -5*m + a - 2*a = 34. Let h be (-16)/m*(-36)/(-24). What is the units digit of d(h)?
5
Let a(t) = -2*t**2 - 16*t. Suppose -q = -5*x + 7, -28 = -q + 5*q + x. What is the units digit of a(q)?
4
Let c be ((-20)/15)/(1/(-3)). Suppose -c*f = -5*i + 194 + 513, 5*f = 4*i - 562. What is the hundreds digit of i?
1
Let b be (-9564)/(-84) - 2/(-14). Suppose -u = u - b. What is the units digit of u?
7
What is the units digit of (-5)/20 + (0 - 4265/(-20))?
3
Let x = 140 + 31. What is the tens digit of 5/((-25)/2) - x/(-15)?
1
Suppose -15897 = -15*x + 1998. What is the hundreds digit of x?
1
What is the hundreds digit of 122/(4/(-30) + 924/2205)?
4
Let s = -897 - -1351. Suppose z - u = 4*u + 168, -5*u - s = -3*z. What is the hundreds digit of z?
1
Let t(r) = r**2 - r + 2. Let w be t(-2). Suppose 3*n = w*n - 10. What is the units digit of (-3 - (-13)/n)*2?
7
What is the tens digit of (-38)/3*(-97 - -34)?
9
Let t(n) = n + 9. Let d be t(8). Let i = 45 - d. Let f = 6 + i. What is the units digit of f?
4
Suppose 2*h + 19 - 27 = 0. Suppose 0 = -0*q + h*q - 5*v - 185, 3*v + 91 = 2*q. What is the tens digit of q?
5
Let a = 3180 + -2149. What is the tens digit of a?
3
Suppose -3*l - 32 = -5*r - 2, -3*r + 18 = -3*l. Suppose 2*n - 2 = r. Let m(v) = v**3 - 4*v - 1. What is the tens digit of m(n)?
4
Suppose 5*h = 5*w + 7600, -5*w = 9*h - 5*h - 6116. What is the tens digit of h?
2
Let q(o) = 226*o**2 + 1. Let x be q(-1). Suppose -f + 58 = m, 5*f - x = -6*m + 2*m. What is the tens digit of m?
6
Let s(j) = 3*j**3 - 2*j**3 + 5 + 7*j**2 + 0*j**3 + 6*j. Suppose -p + 27 = 32. What is the tens digit of s(p)?
2
Suppose 4*h - 6909 = 5*z + 10020, 0 = -2*h - 2*z + 8460. What is the thousands digit of h?
4
Let z(n) be the first derivative of 1/4*n**4 + 8*n + 7/2*n**2 + 8/3*n**3 + 2. What is the units digit of z(-6)?
8
Let a be (0/(-1))/(-13 + 10). Suppose 369 = -0*n + 3*n - 3*i, a = -5*n - 5*i + 615. What is the tens digit of n?
2
Let u be (-2)/2 + (2 - -1). Suppose -u*j = -23 + 5. Suppose 69 = -6*q + j*q. What is the tens digit of q?
2
Let w(b) = 3*b + 26. Let z be w(-8). Suppose -z*n - 5*k = -47, 5*n - 103 = -0*n + 2*k. What is the units digit of n?
1
Suppose p - 869 = 3*n, 5*p - 5*n = -0*p + 4395. What is the units digit of p?
4
Let n = -94 - -52. Let g = n - -115. What is the units digit of g?
3
Let n(y) = -y**2 + 11*y + 16. Let t be n(12). Suppose 4*g - 46 = 5*w - 407, -5*g = t*w - 297. What is the units digit of w?
3
Let n = -137 - 208. Let h = n - -515. What is the tens digit of h?
7
Suppose -5*l = 2*l - 686. Suppose 1 + 3 = -4*c, 3*c = 5*n - l. What is the units digit of n?
9
Let t(s) = s**2 + s + 1. Let l(g) = -g**3 + 14*g**2 + 15*g + 3. Let h(c) = l(c) - 6*t(c). What is the units digit of h(7)?
9
Suppose -j + 26 = 24. Suppose 21 = j*o - o - 3*v, -5*o - 4*v + 29 = 0. What is the tens digit of (o/(-18))/((-1)/94)?
4
Let b(q) = -6*q. Suppose -3*x - 3*j - 24 = 0, -3*j + 18 = -3*x - x. Let m = -9 - x. What is the units digit of b(m)?
8
Suppose 5*n = -809 + 294. Let x = n - -164. Suppose -x - 43 = -4*o. What is the tens digit of o?
2
Let f = -23 + 12. Let q be (-1)/3 - f/(-3). What is the tens digit of (-39)/(-6)*(-2 - q)?
1
Let g be (14 + -10)*(-13)/(-4). Suppose 17*o - g*o = 492. What is the units digit of o?
3
Let i = -1 - -2. Let j be (4 - 35/10)/(2/(-12)). What is the tens digit of i + j/(-1) - -12?
1
Suppose -2*j + 3213 = 5*k, 6*k - 3214 = -2*j + 2*k. What is the tens digit of j?
0
Suppose 3*o + 10*f = 13*f + 1080, -4*o = 3*f - 1433. What is the hundreds digit of o?
3
Suppose 15 = -h + 850. What is the hundreds digit of h?
8
Suppose 1080 = -t + 2699. What is the thousands digit of t?
1
Suppose -4*b - 366 = -2*a, -4*b + 363 = 2*a - 5*b. Suppose 3*h + 2*r = -a, -h = -r - 15 + 72. Let p = h + 91. What is the units digit of p?
2
Let h(w) = 34*w**2 - 27*w + 4. What is the units digit of h(-4)?
6
Suppose 5*n + 8 = -3*u, -7*u + 4*n - 1 = -2*u. Let j be (0 - -40)/(1 - u). Let v = j - 7. What is the units digit of v?
3
Suppose -4240 = -7*x + 4818. What is the units digit of x?
4
Let g be (-3 + 2)*29*-2. Let a = -39 + g. Suppose j - a - 17 = 0. What is the units digit of j?
6
Let s = 29 - 26. Suppose s*q - 116 = 22. What is the tens digit of q?
4
Let r(n) = -10*n - 8. Let b be r(-4). Suppose 5*g + b = g. Let p = g + 10. What is the units digit of p?
2
Let r = -555 - -3274. What is the tens digit of r?
1
Let l = -10 + 120. Let c = 91 + l. What is the hundreds digit of c?
2
Suppose -25*p + 16 = -17*p. Suppose 0 = -4*g - 4*m + 120 + 428, p*g - 3*m - 279 = 0. What is the units digit of g?
8
Suppose 3*m = 5*q - 13, -2*q = -3*m - 3 - 4. Suppose -q*o = 2*c - 322, 3*o = -c - 34 + 185. What is the tens digit of c?
6
What is the hundreds digit of 4545/25 + -2 + 4/20?
1
Let t be ((-3)/(-2))/((-1)/(-6)). Let o(f) = -3*f - 3. Let z(n) = -n + 1. Let k(l) = o(l) - 6*z(l). What is the units digit of k(t)?
8
Suppose 5*x = -3*p + 3, -3*x - 1 = -0*x - p. What is the tens digit of (x - -372)*(-3)/8*-2?
7
Suppose s - 10 = 4*v + 12, 23 = -s - 5*v. What is the tens digit of 21*s/(1 - -1)?
2
Suppose -14 = 6*c - 4*c. Let h be -7*(2 - (-20)/c). What is the units digit of 428/16 - h/8?
6
Let k be 0*(-5)/(-25) + 6/2. What is the hundreds digit of (-5)/(60/(-452))*k?
1
Suppose -835 = -4*d + 4*n + 3313, n + 5185 = 5*d. What is the hundreds digit of d?
0
Let v = -1 + 2. Let c be (v + 1)/((-13)/13). What is the tens digit of 27 + 5 + (c - -1)?
3
Suppose -3*b = h - 740, -2*b = -0*b + 2*h - 496. What is the units digit of b?
6
Let z(f) = 3*f - 10. Let k be z(5). Suppose -6 = k*o - 16. Suppose 0 = -2*n - 3*m - 2, -o*n - 5*m + 0 = 10. What is the units digit of n?
5
Let v be -1*(-1 - -2) - 240. Let m = v - -341. What is the tens digit of m?
0
Let x(p) = p + p - 5*p**2 + 7 + p + p**3. Suppose q - 3*g + 13 = 3*q, -5 = -5*g. What is the units digit of x(q)?
2
Let j = -771 + 1559. What is the hundreds digit of j?
7
Suppose o + 3 = 0, -2*p + 771 = -3*o - 1794. What is the units digit of p?
8
Let p = -35 - -16. Let n = 24 + p. Suppose v + n*b + 55 = 2*v, 5*v - 187 = 3*b. What is the units digit of v?
5
Suppose 4*w + 13 - 1 = 0. Let o(c) = c**2 + 2*c. Let q be o(w). Suppose q*r - 26 - 46 = 0.